. What is the remainder when 3 is divided by g?
1
Calculate the remainder when (-332)/(-16) - (-6)/(-8) is divided by 6.
2
Suppose -14*d + 19*d - 155 = 0. What is the remainder when d is divided by 17?
14
Let u = 70 + -38. Let a(n) = n**3 - 6*n**2 + n + 4. Let z be a(5). Let y = u + z. Calculate the remainder when y is divided by 6.
4
Let v(g) = -68*g - 6. Calculate the remainder when v(-1) is divided by 5.
2
Let x be 1 - (1 + 1) - -14. Let q = -25 + 35. Calculate the remainder when (-1 + 0)*(-6 - x) is divided by q.
9
Let d = -15 - -41. Let k = -10 - -13. Suppose -2*s + 4*t + 24 = 0, -k*s + 13 = -2*t - 27. Calculate the remainder when d is divided by s.
12
Suppose 5 = k + 1. Suppose k*d = d + 3. What is the remainder when 2 is divided by d?
0
Suppose 6*c - 5*c - 103 = 0. Calculate the remainder when c is divided by 15.
13
Suppose 4 = u + u. Let t = -8 + 13. Let i = t - 2. What is the remainder when i is divided by u?
1
Let u = -1 - -2. Let o = 4 - u. Let l = o - -13. What is the remainder when l is divided by 6?
4
Let k = 6 - 3. Let n = -32 + 39. What is the remainder when n is divided by k?
1
Let f(y) = -y - 2. Let l be f(-6). Let s = 16 + 0. Suppose -2*i - 63 + s = -3*r, -l*r + 2*i = -60. What is the remainder when 37 is divided by r?
11
Suppose 2*h - 20 = -2*b - 4, 2*h = 3*b - 9. Suppose 3*o + 3*v = 72, h*o - 1 = 2*v + 81. Suppose 2*m - 1 = 17. Calculate the remainder when o is divided by m.
8
Suppose -4*j + 320 = 36. What is the remainder when 8/24 + j/3 is divided by 13?
11
Let x = 140 + -125. Calculate the remainder when 40 is divided by x.
10
Suppose -5*a + 1 = -4*q + 73, 3*a = -3*q + 27. Suppose -q - 34 = -2*k - f, 2*k = -2*f + 44. Calculate the remainder when 48 is divided by k.
23
Let x = -5 + 4. Let h = -2 + x. Let m = h + 8. What is the remainder when 9 is divided by m?
4
Let a(u) = 6*u**2 + u - 1. Let j = 66 - 58. Calculate the remainder when a(-2) is divided by j.
5
Let g be -26*(6/4)/(-3). Calculate the remainder when 26 is divided by g/1 - (-1)/1.
12
Let r be 5*((-3)/(-5))/1. Let a(t) = 4*t**2 - 2*t + 1. Let l be a(r). Suppose -3*s = j - 29, -l = -j - s - 3*s. Calculate the remainder when j is divided by 8.
7
Let l(t) = -3 + 3 + 8*t - t. What is the remainder when l(3) is divided by 8?
5
Let i(m) = 2*m**2 - 4*m + 7. Let f = 13 + -7. Calculate the remainder when i(f) is divided by 12/16 - (-106)/8.
13
Suppose -48 = k - 4*k. What is the remainder when 78 is divided by k?
14
Let h(l) = -l - 2. Let p be h(-5). Suppose p*r + 4 = 2*f - 5, 4*r = 5*f - 19. What is the remainder when f is divided by 2?
1
Suppose -4*n + 2*k + 68 = 0, -k - 5 + 1 = 0. Suppose 2*q - n = -3*q. Let j = -1 + q. Calculate the remainder when 5 is divided by j.
1
Suppose -7*j - 63 = -10*j. Calculate the remainder when j is divided by 11.
10
Suppose 4*t = -5 + 17. Let f(j) = -t*j - 3*j + 13 + 5*j. Calculate the remainder when f(6) is divided by 3.
1
Calculate the remainder when 128 is divided by (-3 - -5)/(-4)*(-1 - 65).
29
Let v = 17 - 10. What is the remainder when 568/22 - 2/(-11) is divided by v?
5
Let j(o) = -o**3 + 4*o**2 - 3*o + 5. Let i be j(5). Let l = -8 - i. Let f = 2 + 13. Calculate the remainder when l is divided by f.
12
Let g(o) = o - 4. Let c be g(5). Calculate the remainder when -6*c*(-3)/6 is divided by 1.
0
Let w = 16 + -2. Calculate the remainder when 41 is divided by w.
13
Suppose 3*n = -5*l, 2*n + 5 + 5 = 0. Calculate the remainder when 38 is divided by ((-1)/l)/(1/(-39)).
12
Suppose -2*c + 42 = -0*c. What is the remainder when c is divided by 8?
5
Let w be 1 + 0 + 2 + -1. Suppose -w*h + 7 = p, 0 = p - 2*h - 6 + 3. Suppose -7*x = -p*x - 8. Calculate the remainder when 15 is divided by x.
3
Suppose 0 = 4*y - 3*y - 4. Calculate the remainder when (-2)/(-8) - (-207)/y is divided by 18.
16
Suppose 5*y - 25 = 3*k, -2*k = -2*y + 14 - 0. Suppose y*q - 6*q + 40 = 0. Calculate the remainder when q is divided by 4.
2
Let j = 24 + -20. Suppose 6*o - 24 = j*o. What is the remainder when o is divided by 7?
5
Suppose 4*l = 4*s - 0*s - 44, 12 = 2*s - 4*l. What is the remainder when s is divided by 4/(-10) - (-94)/10?
7
Let i(u) = -2*u + 5. Let q be i(5). Let g = q + 13. Let f = -31 + 46. What is the remainder when f is divided by g?
7
Suppose -3*q - 2*q = -480. What is the remainder when q is divided by 33?
30
Let s be (-2)/(-7) + 36/21. Let w(r) = 2*r**s - 1 + 4 - 2. Calculate the remainder when 16 is divided by w(2).
7
Let p(c) be the second derivative of c**5/10 - c**4/2 + c**2/2 + 2*c. What is the remainder when p(4) is divided by 60/8 + 6/4?
6
Suppose 2*b - 5*g - 23 = 0, 4*g = b - 0 - 13. What is the remainder when 53 is divided by b?
8
Let o be ((2 - -2) + -142)/(3/(-2)). Let r(s) = s + 1. Let u be r(4). Suppose y + o = u*y. What is the remainder when 44 is divided by y?
21
Calculate the remainder when 41*(-3)/(-9)*9 is divided by 25.
23
Let r(d) = -7*d - 1. Suppose -2*u - 96 = -4*c, -4*c + u + 26 = -3*c. Suppose 48 = 5*k - c. Calculate the remainder when r(-6) is divided by k.
13
Let l(t) = t**2 - 10*t - 28. Calculate the remainder when 80 is divided by l(14).
24
Suppose 11 = -11*o + 99. Suppose -4*k + 17 = -3, -3*s + 34 = -k. What is the remainder when s is divided by o?
5
Let j be (2 - (-2)/4)*10. Suppose -l - 3*y + 21 = 0, 3*l - 8*l + j = -y. Suppose -v + 5*h = -l - 16, 0 = 5*h. What is the remainder when v is divided by 8?
6
Let k = -40 + 47. Suppose r + 3*a - 4*a - 19 = 0, -5*r + 2*a + 98 = 0. What is the remainder when r is divided by k?
6
Let t(j) = -j - 1. Let x be t(-2). Suppose 0 = k - 2 - x. What is the remainder when 16/(-72)*-9*3/2 is divided by k?
0
Let c(x) = -x**2 + 6*x + 3. Suppose -31 + 7 = -4*r. Let n be c(r). Suppose 2*w = n*w - 8. Calculate the remainder when 22 is divided by w.
6
Let o(f) = -5*f**3 - 1. Let k be o(-1). Calculate the remainder when 11 is divided by (k/(-2) - -3) + 3.
3
Let b(s) = 4*s - 44. Let q = -41 + 72. Calculate the remainder when q is divided by b(15).
15
Suppose -10*h + 8*h = -28. Calculate the remainder when 26 is divided by h.
12
Let j(h) = h**2 + h + 6. Let c be j(0). Suppose 6 = c*p - 4*p. Suppose 0*v = -p*v + 45. Calculate the remainder when 44 is divided by v.
14
Suppose 3*t + 20 = r - 0*t, 0 = 5*r + 5*t. Let s(u) = -14*u**3 + u. What is the remainder when s(-1) is divided by r?
3
What is the remainder when 95 is divided by 24 - 0 - (-5 + 5 + 0)?
23
Let n(i) = 7*i**2 - 25*i + 7. Let m(b) = 3*b**2 - 12*b + 3. Let c(x) = -5*m(x) + 2*n(x). What is the remainder when 11 is divided by c(9)?
3
Let r = 67 + -35. Suppose v - r = -0*v. Suppose 0 = 5*m - 20, 0 = -4*q - 5*m + 64. Calculate the remainder when v is divided by q.
10
What is the remainder when 29 is divided by ((-95)/76)/(2/(-24))?
14
Let p = -10 - -22. Suppose -2*o + 0 - p = 0. Let v(i) = -2*i - 4. What is the remainder when 22 is divided by v(o)?
6
Suppose 2*h - 8 = 6. Let p be (1 + -2)*5*-6. What is the remainder when (p/8)/(15/80) is divided by h?
6
Suppose -s + 356 = 4*p, -s + 11 + 81 = p. Calculate the remainder when p is divided by 45.
43
Let g = 6 - 4. Suppose g*i - 29 - 43 = 0. What is the remainder when i is divided by 13?
10
Let c(u) = u**2 + 4*u + 6. Suppose 4*l + 5*v + 10 = 0, 4*l + v + 2*v = -14. Calculate the remainder when 32 is divided by c(l).
10
What is the remainder when 17 is divided by 5 - 3 - 2 - -4?
1
Let x be -8 + (-2)/(-1) - -2. Let j be (-356)/(-12) - x/(-6). Suppose -3*w + 2*n = -j, -33 = -4*w - 3*n + 17. What is the remainder when w is divided by 4?
3
Suppose -5*p + d = -6*p + 17, -4*p + 3*d = -61. Calculate the remainder when p is divided by 9.
7
Suppose 0 = -12*u + 9*u + 54. What is the remainder when u is divided by 8?
2
Let t(z) = -4*z - 4. What is the remainder when 9 is divided by t(-2)?
1
Let s(l) = 4*l**2 + 2*l + 6. Let o = 22 + -12. Suppose -3*v - 3*y + o = -7*v, 4*y + 4 = v. Calculate the remainder when s(v) is divided by 21.
20
What is the remainder when 2/18 - (-3584)/63 is divided by 30?
27
Suppose 82 + 98 = 4*p. Suppose -5*t - i + 217 = -4*i, t = i + p. What is the remainder when t is divided by 11?
8
Let w(o) = -18*o - 1. Let c be w(1). Let n = -17 - c. Calculate the remainder when 7 is divided by n.
1
Let t = -2 + 21. Calculate the remainder when t is divided by 7.
5
Let x = 244 + -174. Suppose -7*